 = 3*c + 12 - 3. Let a(z) = -16*z. What is the tens digit of a(c)?
4
Let b(o) = -449*o + 36. What is the units digit of b(-1)?
5
Let w = -771 + 1079. What is the hundreds digit of w?
3
Let n = 1895 - 1354. What is the hundreds digit of n?
5
Let w(m) = -m - 5. Let s = 1 - 9. Let f be w(s). Suppose 0 = -3*q - 3*j + 30, f*q = -6*j + 2*j + 29. What is the units digit of q?
1
Let r = 144 + -43. What is the units digit of r?
1
Let q(y) = 3*y - 3. Let t(n) = -1. Let z(v) = -2*q(v) - 6*t(v). What is the tens digit of z(-3)?
3
Suppose 5*s - 2 = -4*x - 0*s, 0 = -4*x + 4*s + 20. Suppose x*n - 2 = 2*n. Suppose -68 + 16 = -n*f. What is the tens digit of f?
2
Let q be -3 + (-2 - -3) + -7. Let d(y) = 4*y - 96. Let k(w) = w - 24. Let r(b) = q*k(b) + 2*d(b). What is the tens digit of r(0)?
2
Let k = 191 - 109. What is the tens digit of k?
8
Let q = -1011 - -1546. What is the units digit of q?
5
Let u(k) be the third derivative of -7*k**4/24 + k**3/2 + 8*k**2. What is the tens digit of u(-7)?
5
Suppose -4*g = 6*g + g. Suppose -2*c + 4*o + 10 = o, -3*c = 2*o - 2. Suppose g = -4*d + 2*d + c. What is the units digit of d?
1
Let j(w) = w - 13. Suppose y + 5*b = 23, -5*y + 5*b = -y + 8. Suppose -y*h + 74 - 29 = 0. What is the units digit of j(h)?
2
Suppose -3*v + 3*d - 99 = 0, -2*v + 7*v + 156 = -4*d. Let x = -20 - v. Suppose 4*u + 0*u - x = 0. What is the units digit of u?
3
Suppose 31104 = 11*h + 25*h. What is the tens digit of h?
6
Suppose -6 = 4*d + 5*x - 25, -2*d + 15 = -3*x. Suppose -2*l = -d, 5*q + 13 + 8 = 2*l. Let a(g) = 2*g**2 - 3*g - 4. What is the tens digit of a(q)?
2
Suppose -3*m + 0*m - 4*d = 4, 2*d = -m - 4. Suppose 0 = -0*g - m*g. Suppose g*z + z = 18. What is the tens digit of z?
1
Let o(c) = -12*c**3 - c**2 - 34*c - 109. What is the units digit of o(-5)?
6
Let b = -33 - -37. Suppose b*z = -5*l + 84, -3*z - z - 4*l = -80. Suppose -t - k = -1, 2*k + 12 = 3*t - z. What is the units digit of t?
6
Let b(m) = m - 4. Let r be (-2)/(-5) - (-36)/10. Let h be b(r). Suppose -3*k + k + 18 = h. What is the units digit of k?
9
Let h = 84 - 43. Let f = 155 - h. What is the hundreds digit of f?
1
Let i(x) be the third derivative of x**4/24 + 17*x**3/3 - 17*x**2. What is the tens digit of i(0)?
3
What is the thousands digit of 6/(-4) + 30222/12?
2
Let m = -87 + 152. What is the units digit of m - 6*2/6?
3
Let z = -5 + 8. Let c(n) = -n**3 + n**2 + 6*n + 3. Let k be c(-2). Suppose -108 = -z*m + k*l, 5*l = 2*m + l - 82. What is the tens digit of m?
3
Let p(g) = g**3 - 3*g**2 + g - 35 + 35. Suppose -3*s + 6*s = 12. What is the units digit of p(s)?
0
Let i = -132 + 120. What is the tens digit of (-6)/(36/(-431)) + (-2)/i?
7
Suppose -q + 13 = -2*j + 2*q, -3*j - 2*q = 0. What is the units digit of -669*j/(-12)*-2?
3
What is the tens digit of (92/(-8))/((-1)/14)?
6
Suppose -3*r - 4 = 4*h, -2*h + 3*h - 4*r = 18. What is the tens digit of 208/12*3/h?
2
Suppose -z + 5*z - 4 = 0. Let k(r) = -r**3 + 3 - 6*r + z + 4*r + 5*r**2 - 3*r. What is the units digit of k(3)?
7
Let a be 15/(-6)*4*-1. Let i(c) be the third derivative of c**4/24 + 2*c**3/3 - 10*c**2. What is the tens digit of i(a)?
1
Suppose 0 = 4*o - 215 + 219. Suppose 0*q + 2*z - 10 = -q, 0 = -3*z + 9. What is the units digit of (o*q)/(0 - 2)?
2
Let s(w) = 287*w - 11. Let m be s(2). Let l = m + -298. What is the hundreds digit of l?
2
Let s be ((-1)/(-2))/(1/(-60)). Let j = -22 - s. What is the tens digit of j/(-12)*(-87)/2?
2
Suppose 5*g - 11 + 3 = 2*i, 5*i + 20 = -2*g. Let l(s) = s**2 + 3*s + 6*s**2 - 114*s**3 + 9 - 3 + 58*s**3 + 57*s**3. What is the tens digit of l(i)?
4
Let o = -25 + 64. Suppose -3*y - 12 = -7*y, 0 = -2*m - 3*y - o. Let f = m - -46. What is the units digit of f?
2
Let b be (8 - 9)*(-1)/((-1)/(-106)). Suppose 2*z - 490 = -4*w - 68, w + z - b = 0. What is the hundreds digit of w?
1
Suppose 0 = 4*u + 4*x - 112, 3*x = -2*u + 58 - 2. Let p = 184 - u. What is the tens digit of p?
5
What is the hundreds digit of 1037 - (9 + (-15 - -2))?
0
Suppose u + 5 = 0, -6*u = 3*s - 9*u - 213. What is the units digit of s?
6
Let b(u) = 3*u**2 + 6*u + 2. Let p be b(-4). Let x = 93 - p. What is the units digit of x?
7
Suppose 0 = 95*d - 94*d - 534. What is the tens digit of d?
3
What is the tens digit of (-1461 + -10)/(-5 + 4)?
7
Let w be (8/12 + 4)*3. Let b(i) = 2*i - 25. Let s be b(w). Suppose -s*f = 2*f - 395. What is the units digit of f?
9
Suppose v = 218*g - 214*g - 7300, 5*v = 4*g - 7316. What is the units digit of g?
4
Let d(x) = 3*x**3 + 4*x**2 - 84*x + 21. What is the units digit of d(10)?
1
Suppose 2*a + 20 = -4*y - 0*y, 0 = -2*y - 3*a - 6. Let d be y/(3 - 27/6). Suppose 3*u - d*o = 84, -4*u = 5*o - 4*o - 93. What is the tens digit of u?
2
Let n = 8 + 1. Let b be (3/n)/(2/(-102)). Let x = 38 + b. What is the units digit of x?
1
What is the hundreds digit of ((-11)/22)/(1/(-4542))?
2
Let u(n) = n**2 + 5*n - 11. Let o be u(-6). Let b be -1 - (1 - (5 - 0)). Let c = b - o. What is the units digit of c?
8
Suppose 7948 + 5254 = 46*f. What is the tens digit of f?
8
Suppose 2*g = 21 - 99. Let p be 6/4*(-364)/g. Let k = p + -1. What is the tens digit of k?
1
Suppose -5*y + 9 = -16. Suppose -5*k = -2*n + n - y, -n = k - 13. What is the tens digit of n?
1
Let f be (-1)/2 - 2/(-4). Let j be 205/9 - 12/(-54). Suppose f = y + b - j, -b = -3*y + 20 + 53. What is the units digit of y?
4
Let m(o) = -o - 2. Let c be m(-3). Let j be (-4)/((-3 + c)/1). Suppose 5*r + 5*i = j*r + 45, 4*i + 45 = 3*r. What is the units digit of r?
5
Suppose -2*d + 2*a + 146 = a, 146 = 2*d + 2*a. Suppose -5*c + 262 + d = 0. What is the tens digit of c?
6
Let s be (-9)/12 + (-52)/16. What is the units digit of (-7 - -5)*118/s?
9
Let v(z) be the third derivative of -5*z**4/6 - 11*z**3/2 + 35*z**2. What is the hundreds digit of v(-7)?
1
Let h(j) = -j**3 - 2*j**2 + 19*j + 10. Let v be h(-6). Suppose -58*r + 56*r + v = 0. What is the units digit of r?
0
Let s = 2893 - 1681. What is the thousands digit of s?
1
Let v(w) = -w**3 - 5*w**2 - 4*w + 3. Let g be v(-4). Suppose g*l + 344 = -l + 4*x, -439 = 5*l - 2*x. Let r = l + 138. What is the tens digit of r?
4
Let a(c) = 31*c**2 + 6*c + 59. What is the tens digit of a(-6)?
3
Let y(k) = 12 + 4*k - 11 - 34*k. Let u(z) = z**2 - 4*z - 1. Let i be u(4). What is the tens digit of y(i)?
3
Let c = 746 - 529. Let o be (-2)/16 - c/56. What is the units digit of (1 - o)/((-2)/(-2))?
5
Suppose 0*c = 5*c + 5*p - 3560, -2*c + 1424 = 4*p. What is the tens digit of c?
1
Suppose -x + 2*p = -3*p - 1168, -4*x - p = -4672. What is the tens digit of x?
6
Let j be (309 - -3) + (2 - 2). Let r be (-8)/28 - j/(-14). Suppose 0*b + r = b. What is the units digit of b?
2
Let l = 132 - -63. Let w = l - -22. What is the tens digit of w?
1
Let n(k) = k**3 + k**2. Let r be n(-1). Suppose r = -2*l - 3*g + 18, 2*g = -5*l + 5*g + 87. What is the tens digit of l?
1
Suppose -i + 968 = r, 21*i - 20*i = -3*r + 968. What is the units digit of i?
8
Let d be 1 - ((0 - 3 - 0) + 3). Suppose 347 = 6*x - d. What is the tens digit of x?
5
Let h(r) = r**3 + 22*r**2 - 11*r + 36. What is the units digit of h(-9)?
8
Suppose -3*i = -323 - 4. Suppose 0 = -2*j + i + 101. Suppose -j = -z - 2*z. What is the tens digit of z?
3
Let v = -341 - -233. Let q = v - -162. What is the units digit of (q/(-21))/(4/(-28))?
8
Suppose 0 = 4*u - 12*u + 1104. What is the hundreds digit of u?
1
Suppose 0 = -3*z + a + 1758 + 211, 5*z - 2*a = 3281. What is the hundreds digit of z?
6
Let r(j) = 4*j**2 - 9*j - 23. What is the hundreds digit of r(-13)?
7
Let c = 408 + -278. Let k be (2 - 11)/3 + 3. Suppose k = -5*o - 20, -4*o - c = i - 3*i. What is the units digit of i?
7
Let s(f) = f**3 - f**2 - 3*f - 3. Let i be s(5). Let g = -49 + i. What is the units digit of g?
3
Let h = 3831 + -1832. What is the tens digit of h?
9
Let h be (-3)/(-2) - (3 - (-15)/(-10)). Suppose 0 = 5*g - h*f - 3*f - 281, 63 = g - 4*f. What is the tens digit of g?
5
Let d be (-162)/(-39) - (-20)/(-130). Suppose -2*l + d*r = -500, 3*l = l - 2*r + 476. What is the tens digit of l?
4
Suppose -3*s + 10608 = 13*s. What is the hundreds digit of s?
6
Let z(w) = -26*w - 10 - 18*w + 88*w. What is the units digit of z(3)?
2
Let k be (-2)/(-4)*(-21 - -27). Suppose k*m - 207 = -0*m. What is the units digit of m?
9
Let l be 